{"id":7046,"date":"2015-10-20T09:08:03","date_gmt":"2015-10-20T08:08:03","guid":{"rendered":"https:\/\/startit.qodeinteractive.com\/?page_id=4"},"modified":"2023-01-26T18:18:52","modified_gmt":"2023-01-26T18:18:52","slug":"main-home","status":"publish","type":"page","link":"https:\/\/smarthomerzeszow.pl\/","title":{"rendered":"Main Home"},"content":{"rendered":"<p>[vc_row content_width=&#8221;grid&#8221; content_aligment=&#8221;center&#8221; css=&#8221;.vc_custom_1447693588968{padding-top: 86px !important;padding-bottom: 46px !important;background-color: #ffffff !important;}&#8221; el_class=&#8221;custom-color-row&#8221;][vc_column width=&#8221;1\/2&#8243; offset=&#8221;vc_col-lg-3 vc_col-md-6&#8243;]    <span class=\"qodef-icon-animation-holder\" style=\"transition-delay: 600ms;-webkit-transition-delay: 600ms;-moz-transition-delay: 600ms;-ms-transition-delay: 600ms\">\n\n    <span class=\"qodef-icon-shortcode normal qodef-icon-animation\" style=\"width: 72px;height: 72px;line-height: 72px\" data-animation-delay=\"600\" data-color=\"#b2dd4c\">\n        \n        <i class=\"qodef-icon-font-awesome fa fa-laptop qodef-icon-element\" style=\"color: #b2dd4c;font-size:72px\" ><\/i>\n            <\/span>\n\n    <\/span>\n[vc_empty_space height=&#8221;30px&#8221;][vc_column_text]<b>Inteligentny Budynek<\/b>[\/vc_column_text][vc_empty_space height=&#8221;19px&#8221;][vc_column_text]<\/p>\n<p style=\"font-weight: 400;\">Po\u0142\u0105cz wiele urz\u0105dze\u0144 i sterownik\u00f3w w jeden, nowoczesny i intuicyjny system.<\/p>\n<p style=\"font-weight: 400;\">System, kt\u00f3ry zadba o Tw\u00f3j komfort i twoich najbli\u017cszych.<\/p>\n<p>[\/vc_column_text][vc_empty_space height=&#8221;50px&#8221;][\/vc_column][vc_column width=&#8221;1\/2&#8243; offset=&#8221;vc_col-lg-3 vc_col-md-6&#8243;]    <span class=\"qodef-icon-animation-holder\" style=\"transition-delay: 400ms;-webkit-transition-delay: 400ms;-moz-transition-delay: 400ms;-ms-transition-delay: 400ms\">\n\n    <span class=\"qodef-icon-shortcode normal qodef-icon-animation\" style=\"width: 72px;height: 72px;line-height: 72px\" data-animation-delay=\"400\" data-color=\"#b2dd4c\">\n        \n        <i class=\"qodef-icon-font-awesome fa fa-hdd-o qodef-icon-element\" style=\"color: #b2dd4c;font-size:72px\" ><\/i>\n            <\/span>\n\n    <\/span>\n[vc_empty_space height=&#8221;30px&#8221;][vc_column_text]<b>Systemy alarmowe<\/b>[\/vc_column_text][vc_empty_space height=&#8221;19px&#8221;][vc_column_text]Zwi\u0119ksz bezpiecze\u0144stwo Twoich najbli\u017cszych wybieraj\u0105c sprawdzony system alarmowy.<\/p>\n<p style=\"font-weight: 400;\">Po\u0142\u0105cz system alarmowy z systemem Inteligentnego domu zyskuj\u0105c bezpiecze\u0144stwo i komfort u\u017cytkowania.<\/p>\n<p>[\/vc_column_text][vc_empty_space height=&#8221;50px&#8221;][\/vc_column][vc_column width=&#8221;1\/2&#8243; offset=&#8221;vc_col-lg-3 vc_col-md-6&#8243;]    <span class=\"qodef-icon-animation-holder\" >\n\n    <span class=\"qodef-icon-shortcode normal qodef-icon-animation\" style=\"width: 72px;height: 72px;line-height: 72px\" data-color=\"#b2dd4c\">\n        \n        <i class=\"qodef-icon-font-awesome fa fa-chain qodef-icon-element\" style=\"color: #b2dd4c;font-size:72px\" ><\/i>\n            <\/span>\n\n    <\/span>\n[vc_empty_space height=&#8221;30px&#8221;][vc_column_text]<b>Instalacje elektryczne<\/b>[\/vc_column_text][vc_empty_space height=&#8221;19px&#8221;][vc_column_text]Pozw\u00f3l sobie na standardow\u0105 instalacj\u0119 elektryczn\u0105 szyt\u0105 na potrzeby XXI wieku.<br \/>\nSie\u0107 WiFi w domu, \u015bwiat\u0142ow\u00f3d, doprowadzone okablowanie multimedialne i sieciowe, przemy\u015blane obwody.[\/vc_column_text][vc_empty_space height=&#8221;50px&#8221;][\/vc_column][vc_column width=&#8221;1\/2&#8243; offset=&#8221;vc_col-lg-3 vc_col-md-6&#8243;]    <span class=\"qodef-icon-animation-holder\" style=\"transition-delay: 200ms;-webkit-transition-delay: 200ms;-moz-transition-delay: 200ms;-ms-transition-delay: 200ms\">\n\n    <span class=\"qodef-icon-shortcode normal qodef-icon-animation\" style=\"width: 72px;height: 72px;line-height: 72px\" data-animation-delay=\"200\" data-color=\"#b2dd4c\">\n        \n        <i class=\"qodef-icon-font-awesome fa fa-wifi qodef-icon-element\" style=\"color: #b2dd4c;font-size:72px\" ><\/i>\n            <\/span>\n\n    <\/span>\n[vc_empty_space height=&#8221;30px&#8221;][vc_column_text]<b>Sie\u0107 domowa i Small business<\/b>[\/vc_column_text][vc_empty_space height=&#8221;19px&#8221;][vc_column_text]Zwi\u0119ksz pr\u0119dko\u015b\u0107 swojego WiFi.\u00a0 Zamie\u0144 kilka ma\u0142o wydajnych urz\u0105dze\u0144 w jedno, dostosowane do Twoich potrzeb.<\/p>\n<p>[\/vc_column_text][vc_empty_space height=&#8221;50px&#8221;][\/vc_column][\/vc_row][vc_row][vc_column]<div id=\"qodef-particles\" class=\"auto\" style=\"background-color: #f8f8f8;\" data-particles-density=\"high\" data-particles-color=\"#c1c1c1\" data-particles-opacity=\"1\" data-particles-size=\"3\" data-speed=\"2\" data-show-lines=\"yes\" data-line-length=\"100\" ><div id=\"qodef-p-particles-container\"><\/div><div class=\"qodef-p-content\">[vc_raw_html el_class=&#8221;custom-image&#8221;]JTNDYSUyMGhyZWYlM0QlMjJodHRwcyUzQSUyRiUyRnd3dy5sb3hvbmUuY29tJTJGcGxwbCUyRiUyMiUyMHRhcmdldCUzRCUyMl9ibGFuayUyMiUzRSUwQSUzQ2ltZyUyMHNyYyUzRCUyMmh0dHBzJTNBJTJGJTJGc21hcnRob21lcnplc3pvdy5wbCUyRndwLWNvbnRlbnQlMkZ1cGxvYWRzJTJGMjAyMiUyRjExJTJGSUMtU2lsdmVyLVBhcnRuZXItMi5wbmclMjIlMjBhbHQlM0QlMjJsb3hvbmUlMjIlMjAlMkYlM0UlMEElM0MlMkZhJTNF[\/vc_raw_html]<div class=\"qodef-elements-holder qodef-two-columns qodef-responsive-mode-1024 qodef-one-column-alignment-left\" ><div class=\"qodef-elements-holder-item qodef-vertical-alignment-top qodef-horizontal-alignment-left\" >\n\t<div class=\"qodef-elements-holder-item-inner\">\n\t\t<div class=\"qodef-elements-holder-item-content qodef-elements-holder-custom-468635\" style=\"padding: 90px 0px 50px 0px\">\n\t\t\t\t\t\t<style type=\"text\/css\" data-type=\"qodef-elements-custom-padding\">\n\t\t\t\t\t\t\t\t@media only screen and (min-width: 1280px) and (max-width: 1600px) {\n\t\t\t\t\t.qodef-elements-holder .qodef-elements-holder-item-content.qodef-elements-holder-custom-468635 {\n\t\t\t\t\t\tpadding:  !important;\n\t\t\t\t\t}\n\t\t\t\t}\n\t\t\t\t\t\t\t\t\t\t\t\t\t@media only screen and (min-width: 1024px) and (max-width: 1280px) {\n\t\t\t\t\t\t.qodef-elements-holder .qodef-elements-holder-item-content.qodef-elements-holder-custom-468635 {\n\t\t\t\t\t\t\tpadding:  !important;\n\t\t\t\t\t\t}\n\t\t\t\t\t}\n\t\t\t\t\t\t\t\t\t\t\t\t@media only screen and (min-width: 768px) and (max-width: 1024px) {\n\t\t\t\t\t.qodef-elements-holder .qodef-elements-holder-item-content.qodef-elements-holder-custom-468635 {\n\t\t\t\t\t\tpadding:  !important;\n\t\t\t\t\t}\n\t\t\t\t}\n\t\t\t\t\t\t\t\t\t\t\t\t@media only screen and (min-width: 600px) and (max-width: 768px) {\n\t\t\t\t\t.qodef-elements-holder .qodef-elements-holder-item-content.qodef-elements-holder-custom-468635 {\n\t\t\t\t\t\tpadding:  !important;\n\t\t\t\t\t}\n\t\t\t\t}\n\t\t\t\t\t\t\t\t\t\t\t\t@media only screen and (min-width: 480px) and (max-width: 600px) {\n\t\t\t\t\t.qodef-elements-holder .qodef-elements-holder-item-content.qodef-elements-holder-custom-468635 {\n\t\t\t\t\t\tpadding:  !important;\n\t\t\t\t\t}\n\t\t\t\t}\n\t\t\t\t\t\t\t\t\t\t\t\t@media only screen and (max-width: 480px) {\n\t\t\t\t\t.qodef-elements-holder .qodef-elements-holder-item-content.qodef-elements-holder-custom-468635 {\n\t\t\t\t\t\tpadding: 90px 0px 50px 0px !important;\n\t\t\t\t\t}\n\t\t\t\t}\n\t\t\t\t\t\t\t\t<\/style>\n\t\t\t\t\t\t[vc_column_text]<b>Inteligentny dom LOXONE<\/b>[\/vc_column_text][vc_empty_space height=&#8221;20px&#8221;][vc_column_text]Pozw\u00f3l sobie na zas\u0142u\u017cony odpoczynek, system Loxone zapewni Ci komfortowy wypoczynek z ulubionym nastrojem o\u015bwietleniowym, muzyk\u0105 kt\u00f3r\u0105 lubisz, p\u0142yn\u0105c\u0105 z g\u0142o\u015bnik\u00f3w, odpowiedni\u0105 temperatur\u0105 i \u015bwie\u017cym powietrzem. Zagrzej wod\u0119 w basenie, ustaw zadan\u0105 temperatur\u0119 w saunie i nie tra\u0107 wi\u0119cej czasu na szukanie pilot\u00f3w, montowania kolejnych wy\u015bwietlaczy i sterownik\u00f3w na \u015bcianie w salonie. Od dzi\u015b, zrobisz to wszystko z jednego urz\u0105dzenia, smartfonu, tabletu czy komputera.[\/vc_column_text][vc_empty_space height=&#8221;43px&#8221;]<a href=\"https:\/\/smarthomerzeszow.pl\/?page_id=1312\" target=\"_self\"  class=\"qodef-btn qodef-btn-medium qodef-btn-solid qodef-btn-icon\"  >\n        <span class=\"qodef-btn-text\">Wi\u0119cej...<\/span>\n    <span class=\"qodef-btn-text-icon\"><i class=\"qodef-icon-simple-line-icon icon-rocket \" ><\/i><\/span>\n<\/a>\t\t<\/div>\n\t<\/div>\n<\/div><div class=\"qodef-elements-holder-item qodef-vertical-alignment-middle qodef-horizontal-alignment-right\" >\n\t<div class=\"qodef-elements-holder-item-inner\">\n\t\t<div class=\"qodef-elements-holder-item-content qodef-elements-holder-custom-694004\" style=\"padding: 48px 0px 0px 0px\">\n\t\t\t\t\t\t[vc_single_image image=&#8221;8111&#8243; img_size=&#8221;full&#8221; alignment=&#8221;right&#8221; css_animation=&#8221;bottom-to-top&#8221;]\t\t<\/div>\n\t<\/div>\n<\/div><\/div><\/div><\/div>[\/vc_column][\/vc_row][vc_row][vc_column][vc_empty_space][\/vc_column][\/vc_row][vc_row content_width=&#8221;grid&#8221; content_aligment=&#8221;center&#8221; css=&#8221;.vc_custom_1669571949402{padding-bottom: 28px !important;}&#8221;][vc_column width=&#8221;1\/3&#8243;][\/vc_column][vc_column width=&#8221;1\/3&#8243; offset=&#8221;vc_col-lg-3 vc_col-md-6&#8243;]\n<div class=\"qodef-team main-info-below-image\">\n\t<div class=\"qodef-team-inner\">\n\t\t\t\t\t<div class=\"qodef-team-image\">\n\t\t\t\t<img decoding=\"async\" src=\"https:\/\/smarthomerzeszow.pl\/wp-content\/uploads\/2022\/11\/logo_smart_home_bez_tla.png\" alt=\"qodef-team-image\"\/>\n\t\t\t\t<div class=\"qodef-team-position-holder\">\n\t\t\t\t\t<div class=\"qodef-circle-animate\"><\/div>\n\t\t\t\t\t<div class=\"qodef-team-position-icon\">\n\t\t\t\t\t\t\n    <span class=\"qodef-icon-shortcode circle \"  >\n        \n        <i class=\"qodef-icon-simple-line-icon icon-settings qodef-icon-element\" style=\"\" ><\/i>\n            <\/span>\n\n\t\t\t\t\t<\/div>\n\t\t\t\t\t\t\t\t\t<\/div>\n\t\t\t<\/div>\n\t\t\n\t\t\t\t\t<div class=\"qodef-team-info\">\n\t\t\t\t\t\t\t\t\t<div class=\"qodef-team-title-holder\">\n\t\t\t\t\t\t\t\t\t\t\t\t\t<h5 class=\"qodef-team-name\">\n\t\t\t\t\t\t\t\tAdam Delikat\t\t\t\t\t\t\t<\/h5>\n\t\t\t\t\t\t\t\t\t\t\t\t\n\t\t\t\t\t<\/div>\n\t\t\t\t\n\t\t\t\t\t\t<\/div>\n\t<\/div>\n<\/div>[vc_empty_space height=&#8221;40px&#8221;][\/vc_column][vc_column width=&#8221;1\/3&#8243;][\/vc_column][\/vc_row]<\/p>\n","protected":false},"excerpt":{"rendered":"<p>[vc_row content_width=&#8221;grid&#8221; content_aligment=&#8221;center&#8221; css=&#8221;.vc_custom_1447693588968{padding-top: 86px !important;padding-bottom: 46px !important;background-color: #ffffff !important;}&#8221; el_class=&#8221;custom-color-row&#8221;][vc_column width=&#8221;1\/2&#8243; offset=&#8221;vc_col-lg-3 vc_col-md-6&#8243;][vc_empty_space height=&#8221;30px&#8221;][vc_column_text]Inteligentny Budynek[\/vc_column_text][vc_empty_space height=&#8221;19px&#8221;][vc_column_text] Po\u0142\u0105cz wiele urz\u0105dze\u0144 i&#8230;<\/p>\n","protected":false},"author":1,"featured_media":0,"parent":0,"menu_order":0,"comment_status":"closed","ping_status":"closed","template":"","meta":{"footnotes":""},"class_list":["post-7046","page","type-page","status-publish","hentry"],"_links":{"self":[{"href":"https:\/\/smarthomerzeszow.pl\/index.php?rest_route=\/wp\/v2\/pages\/7046","targetHints":{"allow":["GET"]}}],"collection":[{"href":"https:\/\/smarthomerzeszow.pl\/index.php?rest_route=\/wp\/v2\/pages"}],"about":[{"href":"https:\/\/smarthomerzeszow.pl\/index.php?rest_route=\/wp\/v2\/types\/page"}],"author":[{"embeddable":true,"href":"https:\/\/smarthomerzeszow.pl\/index.php?rest_route=\/wp\/v2\/users\/1"}],"replies":[{"embeddable":true,"href":"https:\/\/smarthomerzeszow.pl\/index.php?rest_route=%2Fwp%2Fv2%2Fcomments&post=7046"}],"version-history":[{"count":44,"href":"https:\/\/smarthomerzeszow.pl\/index.php?rest_route=\/wp\/v2\/pages\/7046\/revisions"}],"predecessor-version":[{"id":8115,"href":"https:\/\/smarthomerzeszow.pl\/index.php?rest_route=\/wp\/v2\/pages\/7046\/revisions\/8115"}],"wp:attachment":[{"href":"https:\/\/smarthomerzeszow.pl\/index.php?rest_route=%2Fwp%2Fv2%2Fmedia&parent=7046"}],"curies":[{"name":"wp","href":"https:\/\/api.w.org\/{rel}","templated":true}]}}